(-10)?
-1
Suppose -4 = -r, -2*j - 4*r = -0*j - 14. Let q(d) = 37*d**3 + 1. Determine q(j).
-36
Suppose -10*p = -17*p - 7. Let g(x) = -287 + 13*x + 287. Calculate g(p).
-13
Suppose -6*i + 3*i = 3. Let r = 1 + i. Let d(g) be the third derivative of -g**4/24 - 5*g**3/6 + 96*g**2. Determine d(r).
-5
Suppose -g - 16 = -3*g. Suppose 1 + g = 3*y. Let f(h) = -1 + 0*h + 0 - y*h. Calculate f(-2).
5
Suppose -t = 9*t + 20. Let y(o) = o**2 - 1. Let k = 4 - 3. Let i(j) = -3*j**2 + 2*j + 5. Let a(w) = k*i(w) + 2*y(w). Calculate a(t).
-5
Let r(k) = -2*k - 6*k**2 - 2*k**3 + 3*k**3 + 5*k - 6. Suppose 3*c + 89 = 2*z - 5, 5*z - 116 = 4*c. Let i be (-20)/(-60) + c/(-6). What is r(i)?
12
Let z(g) be the third derivative of -g**4/24 - 5*g**3/6 - 18*g**2 - 4*g. Suppose -5 = h, -y - h = 3*y - 15. Calculate z(y).
-10
Let n(q) = -2*q + q + 2*q. Let a(x) = 6*x + 41. Suppose -5*z = -y - 27, -74 = 4*y - 5*z - 26. Let f be a(y). Give n(f).
-1
Let u(f) = -f**3 + 11*f**2 - 6. Suppose q + 49 = 4*z, -3*q - 57 - 2 = -4*z. Give u(z).
-6
Let h(b) = -b**3 - 3*b**2 + 5*b + 1. Let m(a) = -3*a + 1. Let t be m(-5). Suppose -3*n = n - t. Suppose -2*c + 8 = -n*c. What is h(c)?
-3
Let b(u) = 9*u + 16. Let s(g) = 7*g + 13. Let c(w) = 4*b(w) - 5*s(w). Determine c(1).
0
Let l(c) = 2*c**3 + 3*c**2 - c - 2. Let a(u) = -2*u**3 - 3*u**2 + u + 2. Let y = 16 - -14. Suppose 6*h = h - y. Let s(w) = h*l(w) - 5*a(w). Determine s(-2).
4
Let h(p) be the first derivative of -5*p**2/2 - 9*p + 36. Calculate h(-6).
21
Suppose 8 = 4*k, 0 = 4*h - 2*k + 5*k - 26. Let a(r) = h*r - 491 + 497 + 2*r**2 + r. Calculate a(-4).
14
Suppose -4*s + 24 = 8. Let a(j) = j**2 - 2*j - 4. Let q be a(s). Suppose 2*i - q*v + 8 = 4*i, -2*v + 6 = 0. Let o(z) = z + 1. Calculate o(i).
-1
Suppose -6*k = -9*k. Suppose -7*w - 16 = -5*d - 4*w, -5*d - 3*w + 34 = 0. Suppose d*h = -k*h + 15. Let o(n) = -n**3 + 2*n**2 - 2. Give o(h).
-11
Suppose 0 = 5*u - 2 - 3. Suppose 2*p = -2*y + 8, -4*y = -p + 3*p - 10. Let o(a) = -a**3 - 38*a + 39*a + 3*a**2 - y + a**2 - 5*a**2. What is o(u)?
-2
Let b(q) be the third derivative of 4/3*q**3 + 0*q + 1/24*q**4 + 7/60*q**5 + 0 + 1/120*q**6 - 3*q**2. What is b(-7)?
1
Suppose -4*g = -2*q - 30, -50*g = -49*g - 5*q + 6. Let h(o) = o**3 - 11*o**2 + 13*o - 2. Determine h(g).
-47
Let r(n) = n + 3. Let w be 3/(3 - -6) + (-220)/(-33). What is r(w)?
10
Let z(v) = 3 - 2 - 13*v + 9*v. Suppose 3*d + 0 = -3. Give z(d).
5
Let q(s) = -s**2 + 4. Let u be 1*(-3 - -2) + 5. Suppose -u*w + 4*x = -16, -2*x + 3 = -5*x. Suppose -2*z + 6 = 5*v - w*v, -3*z = -4*v - 9. Give q(v).
4
Let v(w) be the first derivative of -w**3/3 - 2*w**2 + w + 1. Suppose -21 = -2*j - j. Suppose j = r + 3*y, -y = -5*r - 4*y - 1. Calculate v(r).
5
Let t(x) be the first derivative of 3*x**5/40 - x**4/24 + 41*x**3/3 + 29. Let w(m) be the third derivative of t(m). Give w(1).
8
Let y(d) = -d**2 + 6 + 6 - 3*d - 10 + 3*d**3. What is y(2)?
16
Let g(f) = 4*f - 1. Suppose o - 4 = 2*j, 3*j + 2*o + 9 = -4. Calculate g(j).
-13
Let s = -3 - -2. Let p(f) = 1 - 6199*f**2 - 3*f + 6194*f**2 + 4*f + 0*f. What is p(s)?
-5
Let h(v) be the third derivative of -v**8/2520 - v**6/720 - v**5/20 + v**2. Let w(j) be the third derivative of h(j). What is w(1)?
-9
Let x(g) = g + 3. Suppose 20 = -2*f - 3*j, f + 3*j = 2*f + 1. What is x(f)?
-4
Let d be (-1)/(-1) - 1/((-4)/12). Let b be (0 - 2) + d + -3 + -1. Let c(n) = -3*n**2 - n + 1. What is c(b)?
-9
Let p(d) = -d**3 + 6*d**2 + 4. Suppose -2*u = 3*o - 145 + 125, 0 = o - u - 5. Give p(o).
4
Let p = 1 - 17. Let m be -1*(-14 - p)/(1 - -1). Let i(q) = -3*q + 1 + 3*q - 3*q. Calculate i(m).
4
Let t be 16*(9/2 + -3) - 2. Let d(w) = 4*w**2 + 20 - t - 5*w**2 + 4*w. What is d(4)?
-2
Let y(z) = 7*z + 28. Let x be y(-4). Let w(t) = -3*t - 1 + x*t**2 + 2*t - 2*t - 3*t**2. Give w(-2).
-7
Let a(g) = g**2 + 3*g + 3. Suppose 0 = -11*l - 56 + 34. Calculate a(l).
1
Suppose 22*f - 4 = 24*f. Suppose 5*x - 9 = 6. Let t(u) = -u - u + x*u + 2 + 2*u**2. Calculate t(f).
8
Let j(s) be the first derivative of s**6/120 - s**5/30 - s**4/12 + 2*s**2 - 1. Let n(t) be the second derivative of j(t). Suppose 4*q + 4 = 2*q. Determine n(q).
-12
Let f(j) = j**3 + 6*j**2 + 6*j + 6. Let z be (-76)/(-20) + 2/10. Suppose z*n = -w - 16, -3*n - 32 = n - 3*w. Give f(n).
1
Let a(u) be the second derivative of 0 + 1/12*u**4 - 3/2*u**3 - 15*u + 5/2*u**2. Give a(6).
-13
Suppose -8 = 5*q + r, -2*r = -7*r - 15. Let p = q - -2. Let n(l) = l. Give n(p).
1
Let y = 32 + 40. Suppose 0 = 2*g - 0*g - y. Let z(s) = 2*s - 18. Let c(j) = -1. Let t(k) = g*c(k) - 2*z(k). Calculate t(-1).
4
Let t(a) = 3*a - 1. Let x(y) = -12*y + 5. Let b(n) = 15*t(n) + 3*x(n). Suppose 2*k + k - 3 = 0. Determine b(k).
9
Suppose 0 = -5*t - 7 + 37. Let h(o) = -o**3 - 557*o**2 + 6*o + 1112*o**2 - 550*o**2. Determine h(t).
0
Suppose -2*d + 10 = 2*h, -4*h + 2*h + 3 = -5*d. Suppose 0 = q - 4, 4*x + 3*q = -2*q - h. Let j(z) = -z - 1. Determine j(x).
5
Let q(g) = 7*g + 4. Let t(j) = 0 - 3 - 20*j - 8. Let i(a) = 17*q(a) + 6*t(a). Determine i(-5).
7
Let d(y) be the third derivative of y**6/30 + y**4/24 + 8*y**3/3 + 26*y**2. Let p(k) be the first derivative of d(k). What is p(1)?
13
Let p(u) = -2*u**2 + 2*u + 8. Let v(z) = -z**2 - 2*z. Let x(i) = -p(i) + 3*v(i). Calculate x(-6).
4
Let w(t) be the third derivative of t**5/60 + 3*t**4/8 + 34*t**2 - 1. Give w(-7).
-14
Let d(l) = l**3 - 11*l**2 + 2*l. Suppose 13*s = 16*s - 33. Give d(s).
22
Let h(v) = -v**3 + 106*v + 2 - 29*v**2 + 21*v**2 - 99*v. Calculate h(-9).
20
Let b = -25 - 55. Let z = 80 + b. Let c(j) = j**2 - 16. Give c(z).
-16
Let l(j) be the third derivative of -j**6/360 + j**5/60 - j**4/24 + 4*j**3/3 + 5*j**2. Let y(t) be the first derivative of l(t). What is y(1)?
0
Suppose 0 = -3*w + 2 + 4. Suppose i + w = -0*i. Let b(v) = 222*v + 33. Let r(j) = 33*j + 5. Let f(u) = 4*b(u) - 27*r(u). Give f(i).
3
Let f(p) be the third derivative of p**4/24 + 5*p**2. Suppose 0 = -9*r + 3*r - r. What is f(r)?
0
Let x(g) = g**2 - 7*g - 11. Suppose 34*k + 63 = 41*k. What is x(k)?
7
Suppose -4*s + 196 = -4*d, 4*s + 4*d - 47 = 149. Suppose 0*a + s = -7*a. Let m(t) = t**2 + 8*t + 7. Give m(a).
0
Let t(k) = -6*k - 5. Let l = -882 + 885. What is t(l)?
-23
Let j be 6 + -5 + 2 - 12. Let i(g) = -g**3 - 8*g**2 + 11*g - 2. Give i(j).
-20
Let d(p) = 1496*p**2 - 7 - 3021*p**2 + 1511*p**2 + p**3. Give d(14).
-7
Let t be 87/(-18) + (-1)/6. Let l(g) = 119 - 113 - 49*g**2 + 4*g + 50*g**2. Calculate l(t).
11
Let f(m) = 4*m - 28. Let a be f(7). Suppose 0 = -4*k + 3*b + 8, 5*b = -4*k - 1 + 9. Suppose a = -k*g - 2. Let u(w) = -3*w**2. Give u(g).
-3
Let d(c) be the first derivative of c**2 + c - 78. Let i be 1/4 - (-26)/(-8). What is d(i)?
-5
Let i(w) = 4*w - 1. Let g be 2/1*63/(-6). Suppose 0 = 4*b - 5*r + 103 - 15, -r = 5*b + 110. Let j = b - g. Give i(j).
-5
Let h(r) = 16*r**3 - r**2 - r + 1. Let g be h(1). Suppose 3*w - 9 = -g. Let k be w/4 - (-13)/26. Let f(d) = -d**2 + d - 2. Determine f(k).
-2
Suppose 0 = -c - 4*c + 70. Let b be (-25)/7 + (-6)/c. Let o(x) = -2*x**2 + 5*x + 2. Let i(s) = 5*s**2 - 14*s - 5. Let p(u) = -3*i(u) - 8*o(u). Calculate p(b).
7
Let o(d) = -d + 9. Let u = -23 + -13. Let s = u + 42. What is o(s)?
3
Let o(j) = 4*j**2 + 9*j + 11. Let v(y) be the third derivative of -y**5/20 - y**4/3 - 5*y**3/3 - 16*y**2. Let f(u) = 2*o(u) + 3*v(u). What is f(-6)?
-8
Suppose 3*y - 27 = -4*m, 2*m - m + 3*y - 18 = 0. Let p(x) = -2 + 5 - x**m + 6*x**2 + 3*x**2 + 4 - x. Give p(9).
-2
Let y(a) be the first derivative of -a**3/3 - a**2/2 + a + 661. Determine y(4).
-19
Let x(j) = 2*j**2 + 6*j + 3. Suppose 3*f - 86 = -3*w - 2*f, -48 = -2*w - f. Let l = w - 26. Calculate x(l).
11
Suppose -2*g + 0 = -10, 3*g - 19 = 4*l. Let t(k) = -3 + k - 5*k**2 + 0*k + 4. Give t(l).
-5
Let q(g) = g + 7. Let d(n) = n**3 - 7*n**2 - 25*n + 51. Let j be d(9). Determine q(j).
-5
Let t(l) = -8*l**3 + 7*l**2 - 4*l - 12. Let p(i) = 3*i**3 - 2*i**2 + i + 4. Let q(w) = -11*p(w) - 4*t(w). Let d = -2220 + 2213. Determine q(d).
18
Let b(i) = -10*i**3 + 8*i**2 + 6. Let r(q) = -2*q**3 + q**2 + 1. Let a(p) = b(p) - 6*r(p). Determine a(-2).
-8
Let q(g) = -13 + 31 + g**3 - 6*g**2 + 19 + g**2 + 4*g**2. Give q(0).
37
Let x(j) = -j**3 - 2*j**2 - 5*j - 8. Let c be x(-2). Let l(p) = -58*p - 1 + 5 + 57*p - c. Calculate l(8).
-6
Let w(c) = c*